{"id":18,"date":"2023-11-18T10:30:03","date_gmt":"2023-11-18T10:30:03","guid":{"rendered":"https:\/\/dicostanzopsicoterapeuta.it\/?page_id=18"},"modified":"2023-11-25T11:10:40","modified_gmt":"2023-11-25T11:10:40","slug":"supporto-psichiatrico","status":"publish","type":"page","link":"https:\/\/dicostanzopsicoterapeuta.it\/index.php\/supporto-psichiatrico\/","title":{"rendered":"Supporto Psicoterapico"},"content":{"rendered":"<p>La consulenza ha di per s\u00e9 l\u2019obiettivo di stabilire un primo contatto tra le parti, ovvero tra che richiede tale servizio e chi lo offre. Essenzialmente va a porre le basi per la relazione, in quanto chi sente il bisogno di iniziare un percorso ha in generale la necessit\u00e0 di trovare qualcuno cui affidarsi. La fiducia sembrerebbe essere il primo tassello ma non \u00e8 sempre semplice ottenerla. Occorre sentirsi in sintonia con l\u2019altro, le famose sensazioni a pelle saranno quelle che guideranno nella scelta. Durante una consulenza si crea uno spazio intimo, dove le persone vogliono sentirsi libere di poter tirare fuori tutti i loro pensieri pi\u00f9 intimi senza sentire il peso del giudizio, per questo \u00e8 fondamentale avere un\u2019apertura mentale tale da poter comprendere anche il non detto. L differenza di fatti tra un supporto di natura psicologico e un supporto psicoterapico sta proprio nel CAMBIAMENTO. Mentre il primo si sofferma sul particolare momento di difficolt\u00e0 e su quella che \u00e8 la richiesta iniziale, il secondo va a fondo di quella che \u00e8 la richiesta, cerca di entrare nel profondo proponendosi l\u2019arduo compito di ristrutturare determinate modalit\u00e0 di pensiero e azione che la persona ha appreso e consolidato nel tempo per \u201ctirare avanti\u201d. E\u2019 un lavoro delicato e a tratti doloroso perch\u00e9 richiede di rivivere situazioni e ricordi dolorosi che si sceglie di rimuovere e di nascondere per non soffrire; ma solo attraverso la rielaborazione di questi macigni che nascondiamo pu\u00f2 aiutarci a stare bene e ad aprire la gabbia, promuovendo la crescita personale, il benessere psicofisico, l\u2019autostima e la valorizzazione di s\u00e9.<\/p>\n","protected":false},"excerpt":{"rendered":"<p>La consulenza ha di per s\u00e9 l\u2019obiettivo di stabilire un primo contatto tra le parti, ovvero tra che richiede tale servizio e chi lo offre. Essenzialmente va a porre le basi per la relazione, in quanto chi sente il bisogno di iniziare un percorso ha in generale la necessit\u00e0 di trovare qualcuno cui affidarsi. La [&hellip;]<\/p>\n","protected":false},"author":1,"featured_media":0,"parent":0,"menu_order":0,"comment_status":"closed","ping_status":"closed","template":"","meta":{"_acf_changed":false,"_monsterinsights_skip_tracking":false,"_monsterinsights_sitenote_active":false,"_monsterinsights_sitenote_note":"","_monsterinsights_sitenote_category":0,"footnotes":""},"class_list":["post-18","page","type-page","status-publish","hentry"],"acf":[],"_links":{"self":[{"href":"https:\/\/dicostanzopsicoterapeuta.it\/index.php\/wp-json\/wp\/v2\/pages\/18","targetHints":{"allow":["GET"]}}],"collection":[{"href":"https:\/\/dicostanzopsicoterapeuta.it\/index.php\/wp-json\/wp\/v2\/pages"}],"about":[{"href":"https:\/\/dicostanzopsicoterapeuta.it\/index.php\/wp-json\/wp\/v2\/types\/page"}],"author":[{"embeddable":true,"href":"https:\/\/dicostanzopsicoterapeuta.it\/index.php\/wp-json\/wp\/v2\/users\/1"}],"replies":[{"embeddable":true,"href":"https:\/\/dicostanzopsicoterapeuta.it\/index.php\/wp-json\/wp\/v2\/comments?post=18"}],"version-history":[{"count":5,"href":"https:\/\/dicostanzopsicoterapeuta.it\/index.php\/wp-json\/wp\/v2\/pages\/18\/revisions"}],"predecessor-version":[{"id":17128,"href":"https:\/\/dicostanzopsicoterapeuta.it\/index.php\/wp-json\/wp\/v2\/pages\/18\/revisions\/17128"}],"wp:attachment":[{"href":"https:\/\/dicostanzopsicoterapeuta.it\/index.php\/wp-json\/wp\/v2\/media?parent=18"}],"curies":[{"name":"wp","href":"https:\/\/api.w.org\/{rel}","templated":true}]}}